-1
Let y be (2/(-3))/(1/6). Let h = -6 - y. Let p(r) = 2*r**3 - 4*r**2 + 5*r + 1. Let z(j) = -j**3 + 3*j**2 - 4*j - 1. Let s(v) = 2*p(v) + 3*z(v). What is s(h)?
-1
Suppose -2*f + 5*d - 18 = 0, -2*f - 10 = -3*d - 0. Let k(v) = -7*v**3 + v**2 + 2*v + 5. Let w(m) = -m - 1. Let b(g) = k(g) + 4*w(g). Determine b(f).
-7
Suppose 2*z = 3 + 3. Let f be 8/(-6)*z/(-1). Let s(j) = 19*j**3 - 5 + j**2 + j - 20*j**3 + 3*j**2. What is s(f)?
-1
Let w be (-8)/6 + 10/30. Let d(m) = -4*m**2 - 1. Determine d(w).
-5
Let n(h) = h. Let q be n(0). Let y(w) = w + w - w + q. Suppose -4*i + 2 = -6*i. What is y(i)?
-1
Let h(p) = p**3 + 5*p**2 + 3*p + 1. Let o = -94 - -90. Calculate h(o).
5
Let f(a) = a + 1. Suppose -11 = -4*j - 23. What is f(j)?
-2
Let i(z) = z**2 - 7*z + 4. Suppose 5*o - 23 = 2. What is i(o)?
-6
Let b = -1 + 5. Let w be b - 5/((-15)/(-6)). Let u(z) = -z**3 + z**2 + 3*z - 1. Determine u(w).
1
Suppose -4*p + 12 = -p. Let k be p/2 - (-21)/(-7). Let z(s) = 9*s**2 + 2*s + 1. What is z(k)?
8
Let f be 3*-1*8/(-12). Let x(n) = -3*n**2 + 0*n + 5*n - n + n**f - 1. Determine x(3).
-7
Let f(y) = -3*y - 4. Let j be f(-3). Let d = 6 + 0. Let h(s) = s**3 - 5*s + d*s**2 - 6 + 0*s**3 + s - 2*s**3. Give h(j).
-1
Let m = 8 + -15. Let y be 1 + -2 + m/7. Let n(f) = 2*f**2 - 1. What is n(y)?
7
Let c(b) be the third derivative of b**5/60 + b**4/8 - 2*b**3/3 + 22*b**2. Determine c(-6).
14
Let g(n) = n**2 - 3 + 0 - 2*n**2 + 0*n + 8*n. What is g(4)?
13
Let h(u) be the second derivative of -u**4/12 - u**3/3 + u**2/2 - 27*u. Calculate h(-3).
-2
Let o(z) = 4*z**2 - 12 - 5*z - 3*z**2 + 12. Calculate o(4).
-4
Let z(v) = -9*v**3 - 2*v + 1. Let y be (-4 + 6)*(-1)/(-2). Calculate z(y).
-10
Let z(n) = -n**2 - 6*n + 2. Let w(i) = -i**3 - 13*i**2 - 7. Let c be w(-13). Give z(c).
-5
Let j(g) = -1 + 1 + 0*g**2 + g**2. Let b = 47 + -45. What is j(b)?
4
Let o = 0 - -4. Let c(r) be the second derivative of -r + 1/3*r**o + 1/20*r**5 + 0 - 1/2*r**3 - 2*r**2. Give c(-4).
8
Let h(p) = -p**3 + 5*p**2 - 4*p + 1. Suppose -3*z - 11 = -23. What is h(z)?
1
Let h(s) be the first derivative of s**3/3 + 11*s**2/2 + 14*s + 1. Give h(-10).
4
Let q(t) = 2*t + 1. Suppose 2 = -5*r - 3. Calculate q(r).
-1
Let t(y) be the third derivative of y**8/10080 + y**7/1260 + y**6/360 - y**5/20 + y**2. Let o(d) be the third derivative of t(d). Give o(-2).
2
Let u(w) = 2*w - 5*w + 5*w - 3*w + 12. Suppose 4*n = 0, -5*m = n + n. What is u(m)?
12
Suppose q + a = -2*q, -2*q + 2*a - 8 = 0. Let d(v) be the first derivative of -v**4/4 - 2*v**3/3 + v + 3. Give d(q).
0
Let t(r) = -r**3 + 12*r**2 + 3*r + 3. Let w(m) = m**2 + m + 1. Let z(o) = t(o) - 4*w(o). What is z(8)?
-9
Let g(i) be the second derivative of -i**6/30 + i**5/30 - i**3/6 - i**2/2 + 2*i. Let h(r) be the first derivative of g(r). What is h(1)?
-3
Let v(j) be the third derivative of -3*j**4/8 - 7*j**3/6 + 3*j**2. Let d(q) = 4*q + 3. Let i(p) = 5*d(p) + 2*v(p). What is i(4)?
9
Let t = 1 + 0. Suppose -a - t = 1. Let g = 1 - a. Let x(o) = o**3 - 2*o**2 - o + 4. Calculate x(g).
10
Let j(l) be the third derivative of -l**6/40 + l**5/30 - l**3/6 - l**2. Let t be (3/9 - 0)*6. Let v = -3 + t. Calculate j(v).
4
Suppose 0 = -2*d + 4*z - 4, 3 = -d - 3*z + 21. Let j(n) = -n**3 + 5*n**2 + 1. Let c be j(5). Let a(x) = x**2 - 8*x - c + 5 + 2*x. Determine a(d).
4
Let x(m) = m**3 + 2*m**2 - m - 1. Let k(t) = t**3 - 5*t**2 + t - 2. Let j be k(5). Suppose -j*h = h - 12. Suppose 13 - 4 = -h*a. Calculate x(a).
-7
Suppose 2 = 2*q - 2. Let a(r) = -3 - q*r + 7 + r - 3. What is a(5)?
-4
Let l(f) be the second derivative of -f**3/3 + 9*f**2/2 + 6*f. Let z(m) = m**2 + 8*m + 7. Let k be z(-8). Determine l(k).
-5
Let u(y) = y**2 + y + 1. Let q(p) = -7*p**2 - 10*p - 2. Let b(w) = q(w) + 6*u(w). Let f(v) = -15 - 3*v + 2*v + 7. Let r be f(-4). Give b(r).
4
Let g(l) be the first derivative of -l**3/3 - l**2/2 + 5*l - 11. What is g(4)?
-15
Let j(r) be the first derivative of -3*r**3 + 4*r**2 + 2. Let g(z) = 4*z**2 - 4*z. Let v(i) = -5*g(i) - 2*j(i). What is v(3)?
-6
Let p(r) be the second derivative of r**5/20 - 2*r**3/3 - 3*r**2/2 + 120*r. Let m(w) = -w - 8. Let z be m(-6). What is p(z)?
-3
Let w(j) = 3*j + 2. Let p(l) = 16*l + 9. Let t(q) = -2*p(q) + 11*w(q). Calculate t(-4).
0
Suppose -5*u - 5*m = -25, -2*m - 33 = -5*u + m. Let s(j) = 4*j - u*j + j - 1. Calculate s(1).
-2
Let w(c) be the second derivative of -c**4 + c**3/6 - c. Suppose 0 = -5*v + 2*z + 38, v - 4*v + 5*z + 38 = 0. Let f be v*(-3)/6 - -4. Determine w(f).
-11
Let l(c) = -2*c. Let k(m) = -m. Suppose 0 = -3*z + 2*b + 33, 0 = -5*z + 4*z + 3*b + 11. Let a(r) = z*k(r) - 6*l(r). What is a(-1)?
-1
Let l(j) = j - 1. Let v(s) = -3*s + 2. Let m(b) = 11*l(b) + 4*v(b). What is m(4)?
-7
Let r = -42 + 42. Let z(h) = -h - 7. Determine z(r).
-7
Let m(g) be the second derivative of g**6/360 - g**5/60 + g**4/4 + 2*g. Let q(o) be the third derivative of m(o). Calculate q(-2).
-6
Let t(m) = -m**2 + 6*m + 6. Let s be t(6). Let u(w) = -4*w + 9. Let l(b) = 9*b - 19. Let a(c) = -3*l(c) - 7*u(c). Calculate a(s).
0
Let n(o) = 11*o**2 - 2*o - 1. Let h(s) = -s**2 - 6*s - 3. Let d be h(-5). Suppose d = -4*c - 2. Calculate n(c).
12
Suppose -2*u = 3*o + 10, u - 8 = 5*u + 3*o. Let j(g) = -1 + u - g**2 + 3 + 2 + 2*g. Determine j(5).
-10
Let q(n) = -2*n**3 + 2*n**2 - 2*n + 2. Let i = 18 - 7. Let u = 10 - i. Let z be u + 3 - (0 + 0). Determine q(z).
-10
Suppose 5*d - 1 = 4. Let v(m) = 2*m**2 + m. Determine v(d).
3
Let z(u) = u + 5. Let w = -40 - -40. Determine z(w).
5
Suppose -f + 3 = -5*g - 5, f = 4*g + 7. Suppose -3*v + 9 = -3*b + b, -2*b = f*v - 21. Let z(p) = -p**3 + 6*p**2 - 7*p + 2. What is z(v)?
-8
Let y(d) = 4 + 556*d**3 - 557*d**3 + 0 + 5*d**2 - 6*d + 2*d**2. Calculate y(6).
4
Let i(u) = 2*u**3 - 2*u**2 + 2*u - 1. Let d = 3 + -5. Suppose -4 = 7*m - 3*m. Let v = m - d. Give i(v).
1
Let t(r) be the third derivative of r**4/12 + r**3 + r**2. Let d = 3 + -9. What is t(d)?
-6
Let i(p) = -p**2 - 2*p - 2. Let q be 4/16*(12 - 0). Suppose -n = -q*n - 6. Determine i(n).
-5
Let x(o) = 2*o**2 - 5*o**2 + 3*o**2 - 6*o + 2*o**2. Calculate x(4).
8
Suppose 2*j + 27 = s, s - 21 = -j - 3. Let v be (s/(-6))/((-3)/(-6)). Let i(h) = -h**2 - 8*h - 3. Give i(v).
4
Suppose 5*c + 32 = -4*x, -4*x - 2*c + c = 16. Let d(l) = l**3 + 3*l**2 + l + 2. What is d(x)?
-1
Suppose -4*u + 26 = -4*o - o, 5*u + 5*o = 10. Let s(d) be the third derivative of 1/3*d**3 + 3*d**2 + 0 + 0*d - 1/24*d**4. Determine s(u).
-2
Let q(c) = c - 1. Let t be q(1). Let z(a) be the first derivative of -a**3/3 - a**2/2 - 3. Give z(t).
0
Let h be (-1)/((2/(-6))/(-1)). Let g(u) be the third derivative of -u**6/120 - u**5/20 + u**3/3 + 35*u**2. Determine g(h).
2
Let f(z) = -z**2 - 2*z - 1. Let p be ((-3)/(6/14))/(-1). Let y(x) = x - 4. Let v be y(p). Let q be (v*-1)/(5/5). What is f(q)?
-4
Let o(f) be the first derivative of f**3/3 - 5*f**2/2 - 7*f + 4. Let z(j) = -j**3 + 2*j + 2. Let n be z(-2). Give o(n).
-1
Let c(p) = -9*p - 4. Let a(r) = -r + 1. Let o(g) = 12*g - 6. Let i(s) = -8*a(s) - o(s). Let t(n) = -6*c(n) + 13*i(n). Give t(4).
6
Let r(k) = -k**2 + k - 1. Let l(j) = 2*j + 7. Let m be l(-6). Let y(f) = 7*f**2 - 5*f + 4. Let a(w) = m*r(w) - y(w). Calculate a(2).
-7
Let a(m) = m**2 + 10*m - 6. Let g(n) = n**2 + 9*n - 5. Let v(o) = 4*a(o) - 5*g(o). Suppose 4*k = -15 - 5. Calculate v(k).
1
Let w = -4 - -7. Let f(i) = -w*i**3 + 2*i**3 - 3 - 5*i**2 + 2*i**2. What is f(-3)?
-3
Let g(n) = -10*n + 0*n + 5*n + 2*n. Suppose 3 = -3*f - 3. Calculate g(f).
6
Let o(t) be the third derivative of -t**6/60 - t**5/20 + t**2. Let c be o(-2). Let v(s) = s - 71 + 40 + 30. Determine v(c).
3
Let h(t) = t**3 - t**2 - 4*t - 1. Let u(j) = -j**2 + 17*j + 21. Let f be u(18). Determine h(f).
5
Suppose -13 = -2*x + 3*f, -2*x - 3*f = 4 + 1. Let j(t) be the second derivative of 0 - t**3 + 2*t + 5/2*t**x + 1/12*t**4. Calculate j(5).
0
Let z(m) be the second derivative of m**5/20 - m**4/12 + m**3/3 - 14*m. Calculate z(-2).
-16
Let a be 4 + (-8 - (-2 - 2)). Let x(r) be the first derivative of -r**2/2 + r + 1. Give x(a).
1
Let w(j) be the second derivative of j**4/12 + j**3/6 - j**2 + 2*j. Let n(d) = -d**3 + 3*d**2 + 5*d - 6. Suppose 0 = -k + 7 - 3. Let u be n(k). Give w(u).
0
Let y(a) = a - 3. Let s = -12 - 1. Let r(f) = f + 13. Let t be r(s). Calcu